) + 0 + -10
-21
2 + (17 - (6 - -30))
-17
(-23 - -18) + (3 - 5) + 51 + -38
6
(-4 - (-20 + 0)) + (11 - 21)
6
What is the value of 1 + -14 - -3 - (-1 - -12)?
-21
Calculate 2 + -4 + 13 + 4.
15
What is the value of -5 + (11 + -1 - (9 - 10))?
6
What is the value of (8 - (4 + -19)) + -43?
-20
Calculate -17 + (-22 - -9 - -18).
-12
What is -1 - (-26 + 5 + 26)?
-6
Calculate 9 + (0 + -28 - (20 - 12 - -1)).
-28
Calculate 35 + -30 + 1 + 0 + 4.
10
What is -20 + (-13 - -36) + -9?
-6
Evaluate -1 - (4 + (9 - 24)) - 10.
0
Evaluate 1 + (-9 - -8) - -20 - (-44 - -42).
22
What is the value of 4 - (-2 + 9) - (223 + -244)?
18
What is the value of 0 + -5 - ((11 - 0) + -32) - 0?
16
What is -2 + 39 + -21 + -30?
-14
What is (39 - 69 - -38) + (2 + 0 - 11)?
-1
Calculate (2 + -3 + 0 - -11) + (2 - -1).
13
Calculate (4 - 15 - 2) + (-6 - (-11 + 0)).
-8
5 + (6 - 4) + 4 + 7 + -7
11
Evaluate (-1 - -1) + 7 - (-54 - -8 - -47).
6
What is -6 + (-6 - ((10 + -4 - 3) + -4))?
-11
What is -5 - (3 + (4 - (7 - 9)))?
-14
What is the value of -66 - (-4 + -20) - -24?
-18
What is (34 - 49) + 14 - ((-20 - 3) + 1)?
21
-8 + (-5 - (-1 + -7)) - -16
11
What is the value of -10 - (-5 + -17) - 6?
6
What is 5 - (17 - (-15 + 16))?
-11
What is the value of (-2 - 1) + (4 + 3 - (7 - -2))?
-5
4 + (2 + -1 - (-5 - -13 - 8))
5
-7 - (-3 + 15 + (7 - (17 - 8)))
-17
Calculate (-793 - -791 - (0 - 0 - -6)) + 0.
-8
Calculate -18 + 65 + -2 + -23.
22
(-4 - 0) + 0 + -5 + -11
-20
Calculate 19 - (-8 + (9 - 1) + -4 - -10).
13
(-91 - -81) + -12 + 3
-19
-7 + (8 - (-11 + 4)) - 3
5
What is the value of -2 - (113 + -112 + (-3 - -1) + -1)?
0
What is 4 - -11 - 10 - (10 + 4 - -2)?
-11
Calculate -11 + -6 + -20 + 15.
-22
What is (12 - 22) + (9 + -9 - 7)?
-17
What is the value of 0 + -3 - (11 + 1 + -9 + -3)?
-3
What is the value of -36 + 2 + (-690 - -694)?
-30
(7 - -11 - -7) + -48
-23
What is 351 + -352 - (1 + -3 + (21 - 5))?
-15
Calculate -1 + 9 + 5 + 0 + -5 + 2.
10
Calculate 0 + -6 + (-8 - -1 - (-22 - -1)).
8
What is -20 - (-11 + 8 - 4)?
-13
(-19 - 2) + 66 + -55 + (1 - -8)
-1
Calculate -5 + (-2 - ((5 - -3) + -10)) + -3.
-8
What is -28 + 6 + -15 - -16?
-21
What is 8 + (21 - (-8 - (-14 - -3)))?
26
-8 + (1 - -6) + 32 + -38
-7
18 - -2 - (9 - (24 - 14))
21
What is (1 + 4 - -2) + (-109 - -100)?
-2
-1 + -7 - (1 + (-3 - -5) + -4)
-7
What is 2 + -4 - (-11 + 1 + 19)?
-11
Calculate -2 + 13 - ((-9 + 3 - 1) + 10).
8
What is 22 + (17 + 7 - 60)?
-14
Calculate (-2 - (-11 + 10 + -10)) + -9.
0
5 + (10 - 28 - -18)
5
Evaluate (18 - (0 + 21)) + (-1 + 3 - -3).
2
What is -15 - -2 - (4 + 32 + -31)?
-18
Calculate -14 + 2 - (15 + 6 - 44).
11
Evaluate -32 + 15 - (1 - -4 - 3).
-19
What is 10 - (-7 - -10 - (14 + -2))?
19
What is the value of 21 + 10 + -18 + -16?
-3
Evaluate -1 + 14 - (-8 + 25 + -12 + -3).
11
What is the value of (10 - 14) + -15 + 3?
-16
Evaluate -3 - ((-1 - (10 - 4)) + -9).
13
Calculate (-22 + 14 - (-4 + 2 + 4)) + 0.
-10
Evaluate 20 + (16 + 1 - (-9 + 12 + 6)).
28
0 + -1 + (-13 - (19 - (1 + 27)))
-5
Evaluate 7 + (-5 - -6) + -121 + 121.
8
Evaluate 2 - (12 - 2) - (-29 + (3 - -19)).
-1
-14 - ((2 - 1) + 0 + (-16 - -9))
-8
Evaluate 4 - (5 - (18 - -6)).
23
What is -8 - (9 + -2 + -4)?
-11
What is -28 + 35 + 30 + -56?
-19
What is the value of -5 + -1 - -8 - (9 + 0)?
-7
What is 8 + -12 - (-7 - (7 - 3))?
7
1 + (7 + -1 - 4) + -1 - -7
9
Evaluate -11 + 31 + -11 - (12 - -14).
-17
-3 + (-8 - 4) + 14 - -1
0
Calculate 23 + -14 - (15 - 5 - -7).
-8
What is 11 - (-6 + (-1 - (1 - 16))) - 14?
-11
What is the value of (-7 - -17) + -15 + 0 + 0?
-5
What is (-37 - -22) + 1 + 20?
6
Evaluate (-1 - -21) + (-386 - -336) + -3.
-33
What is (-19 - -8) + -7 + 3 - -24?
9
Evaluate -9 - ((-1 - -5) + (-2 - -18 - 19)).
-10
4 + (2 - 5 - 4 - -6)
3
Calculate -34 + 10 + -8 + -1 + 21.
-12
What is -1 + -7 + (-1 - -1) + 293 + -295?
-10
2 - -13 - -5 - (108 - 67)
-21
What is (13 - 4) + 0 + -18 - (0 + 1)?
-10
Evaluate 6 - (1 + -38 + -1 - (-205 - -194)).
33
-9 + (4 - (12 - 8)) + 3
-6
Evaluate 11 + (21 - (38 - 25)).
19
What is the value of (10 + -4 - 0) + (-9 - 1) + -4?
-8
Calculate 0 - (-6 - ((-2 - -1) + -7)).
-2
What is 0 + 11 + 24 + 9 + -33 + 15?
26
(20 - 15) + -14 + -7
-16
Calculate 8 - (-1 - -5) - 8 - (-15 + 21).
-10
Calculate -14 + 2 - (-101 - -94).
-5
What is 31 + (-70 - -34) - 26?
-31
What is the value of (27 - 0) + (-20 - 0) + 27?
34
(-1 - -28) + 11 + -37 + 16
17
5 - -10 - (0 + 30 - 3)
-12
Evaluate (2 - 9) + 47 + (-4 - 6) + -4.
26
-15 + (5 - (-9 - -16)) - (-1 - 0)
-16
Evaluate (-26 - -23) + (-4 - (-6 - 8)) + -6.
1
(-4 - 11) + (17 - 4 - 2 - 7)
-11
Calculate (6 - (-16 - -12)) + -2.
8
What is the value of 9 - (41 + -28 - (5 - 2))?
-1
Evaluate (7 - (3 - 1)) + 6 + -4 + -1.
6
What is 21 - -8 - (54 - 37)?
12
What is -11 - (24 - (-3 - -45))?
7
Calculate (3 + -1 - 14) + 22 - -3.
13
Evaluate -6 + (5 - -13) + 0 + 10.
22
(6 - 0) + -7 + (2 - 15)
-14
Calculate -3 - (12 - -13) - -14.
-14
Calculate 7 + -4 + 6 + -3 + -10.
-4
What is the value of (-20 - -38) + -11 - 14?
-7
-14 - (12 - (0 + 25) - 15)
14
What is (0 - 5) + (1 - -3) + 3?
2
29 - 28 - ((-3 - -3) + -2 - 4)
7
17 + 5 - 24 - (-6 + -2)
6
What is the value of 11 + -11 + -1 - 3?
-4
What is the value of -10 + (-5 - (-10 - -17) - -3)?
-19
What is (18 - 30 - (-1 + -3 + -1)) + 28?
21
What is the value of 2 + -12 - (9 + 1 + -32 + -16)?
28
What is 25 - -2 - (-258 - -285)?
0
What is the value of -3 + ((18 - 2) + -11 - 19)?
-17
What is the value of (5 - 4) + (-1 - (-6 + 3)) - -2?
5
What is the value of 101 + -67 - (0 + 10) - 4?
20
Evaluate 23 + (-32 - -44) + -22.
13
Calculate 18 - (17 + -11 + -10 - (-7 + 1)).
16
Calculate 9 - (0 + (12 - -26)).
-29
Calculate -5 + (2 - 0) - (-8 - -14) - 7.
-16
((-4 - 2) + -11 - -10) + (0 - 2)
-9
-39 + (18 - 4) - (4 - 15)
-14
-5 + (0 - (0 - 9)) + 4
8
Calculate (-3 - -43 - 28) + (-1 - 23).
-12
What is the value of 3 + (12 - 17 - 14)?
-16
Evaluate ((-12 - -2) + -8 - -2) + 8.
-8
Calculate -22 - ((-1 - (1 + 1)) + (-69 - -73)).
-23
Calculate -10 + ((-7 - -6) + 2 - -2).
-7
-11 - ((-6 - 10 - -10) + -4)
-1
Calculate -27 + (11 - (14 + 6 - 6)).
-30
33 + 2 + -6 + -1
28
5 + 0 - -19 - 14
10
Calculate -7 + (-4 - (5 + -9)) + 9.
2
Evaluate -6 - ((-2 + 13 - 9) + 16).
-24
-17 + -19 + 35 + -4
-5
Calculate 7 + (-8 - (-4 - 5)) + (-1 - 21).
-14
Evaluate 6 + (-1 - 0 - -1 - (13 + -5)).
-2
Evaluate -5 - (5 + -28) - 10.
8
Evaluate -2 + (7 - -11 - 15) + (1 - 6).
-4
What is the value of (10 - (5 - 7)) + -19?
-7
Evaluate -20 + 5 + (15 - 2).
-2
-3 + 22 - (7 + 3 + -2)
11
Evaluate -7 + 10 + (10 - 10).
3
What is the value of 31 + (36 + -35 - (1 + 4 - -6))?
21
Evaluate 0 + 13 + -15 - -13.
11
Calculate -538 + 561 + -17 + 0.
6
Calculate -7 - (-5 + 21 + -16).
-7
(-7 - 1) + (-15 - -24 - 1)
0
Evaluate -23 - -19 - (0 - 0) - 26 - 3.
-33
What is the value of 2 + -8 + 9 + (-8 - 0)?
-5
Evaluate -5 + (-5 + 2 - (50 - 62)).
4
Calculate 11 - (10 + -16 + 16).
1
Evaluate 72 + -64 + (-1 - 1).
6
(42 - (15 - -2)) + -16
9
What is -6 + -2 - (5 + -2 + -6)?
-5
Evaluate (15 + -6 - 13) + -18 + 6 - 0.
-16
Calculate 0 - 21 - (245 + -269).
3
What is 7 + -44 + 18 + -8 - 0?
-27
Calculate (-36 - (-6 - 16)) + 23.
9
What is the value of -13 + -8 + 13 + 3?
-5
What is the value of 0 - (17 + 1 + -5)?
-13
9 - (-2 + (-14 - -17) + (3 - 27))
32
Evaluate -5 - ((2 - -2) + (-2 - -28 - 14)).
-21
What is the value of 1 + 3 + 0 + (2 - -2 - 8)?
0
Evaluate -32 + (3 + -1 - (35 - (-26 - -56))).
-35
What is -9 + 18 + -54 + -1 + -4 + 13?
-37
(-21 - (-2 - 7)) + (1 + 7 - 5)
-9
Calculate (877 - 919) + (-1 + 0 - -8).
-35
Evaluate -24 - (-1 + -24 + 31).
-30
Calculate (15 - 29 - 7) + 13.
-8
What is the value of 2 + 17 - (1 - 5 - (-14 - -3))?
12
What is 10 + 2 + 3 + -212 + 200?
3
What is 2 + (7 - (7 + 4 + -7))?
5
-14 - (-19 + -1 + 23)
-17
Evaluate -975 + 939 - (1 - 29).
-8
Calculate 5 + 20 + -37 + 26.
14
-1 - -13 - (-10 - (7 + -43))
-14
What is -9 + (15 - -13) + -11?
8
What is 2 - (0 + 11 + -1 - 15)?
7
What is the value of 17 + (-10 - (-8 + 2 + 2))?
11
Calculate 1 - -8 - (727 + -726) - (-14 - 1).
23
What is -10 - (-29 + (11 - -4))?
4
Calculate (-2 - (3 + 5)) + -50 + 59.
-1
What is the value of -15 - (3 - 32 - -14)?
0
Evaluate 7 + 0 + (-1 - 0) + 5 - 10.
1
What is 23 + -56 + 32 + 4?
3
What is 16 - (56 + (-3 - 25))?
-12
Evaluate 1 + ((-4 - -10) + -13 - -16).
10
What is the value of -1 - (1 + 1) - (22 + 2 + -32)?
5
-1